+ 1 + 1 + 3.
-5
Calculate 2 - (6 + (6 - 5)).
-5
What is the value of 5 - (-5 - (-11 - -8))?
7
Calculate 4 + -5 + (-5 + -1 - 1).
-8
3 - (-10 - (-13 + 6) - 1)
7
Evaluate 2 + (-4 - 0) + (-8 - -10).
0
Calculate 6 + (4 + -2 - 4).
4
Calculate 3 - (-6 - -11) - -3.
1
Calculate 13 + (-8 - (0 + 5 + -7)).
7
What is (-8 - (-1 + 1)) + (-1 - -4)?
-5
-3 + (8 + 10 - 8)
7
What is (-7 - -7) + (-1 - 0)?
-1
Calculate 132 + -126 - (-2 + 0 - -1).
7
What is (-6 - 0) + 1 + 0?
-5
-3 - (3 + -13 + 1) - 2
4
What is -2 - (-8 + 2 + 6)?
-2
What is the value of (-3 - -4 - 0) + 3?
4
What is the value of 8 + -7 + 2 + -5 + 4?
2
Calculate -1 + 1 - (8 - 7 - -4).
-5
Evaluate (9 - 9 - 3) + 9.
6
Calculate (10 - (10 + 5)) + -3.
-8
What is 0 + 12 + 10 + -17?
5
(-14 - -9) + 3 + 8
6
What is 13 - (2 - 1) - 8?
4
Evaluate 6 + 2 + (-4 - (-4 + 5)).
3
-6 + 2 + 0 + 0
-4
Evaluate 0 - 12 - (7 + -6 + -4).
-9
1 + 4 + 2 + -7 + 2
2
Evaluate 1 + 2 - (-100 + 98).
5
(0 - (7 - 7)) + 2
2
4 - ((-1 - 6) + 5)
6
What is the value of -5 - (2 - (-3 - -7))?
-3
Calculate 23 + -21 + (-2 - -2).
2
What is the value of -2 - (-3 - (-1 - 4)) - -7?
3
What is -5 + (-2 - -2) - (-14 - -15)?
-6
What is the value of -2 + 4 + -6 + -3 + 7?
0
What is 2 + (-3 - (2 + -2 + 1))?
-2
Evaluate -3 + 7 + -1 + -11 + 8.
0
Calculate 1 - (2 + 0 + (0 - 2)).
1
0 - (-13 + 9) - (8 + -4)
0
3 + (1 - 4 - (17 + -19))
2
Calculate 10 - ((-5 - 1) + 15).
1
-1 + -2 + 0 - (-53 + 43)
7
-3 + -6 - -5 - -7
3
4 + -8 - (1 + -10)
5
Calculate 7 - (0 + -3 - -8).
2
What is (1 - 3) + -20 + 26?
4
Calculate -2 + -10 - (80 + -89).
-3
What is the value of -8 + -2 + 5 + 9?
4
Calculate -6 - (1 - (3 + -4 + 5)).
-3
What is 10 + (1 - (-4 - -6)) + -2?
7
-4 + (10 + -9 - 3)
-6
Calculate -10 - (-3 - 2) - -11.
6
Evaluate (7 + -2 - 6) + 0.
-1
Evaluate 6 - 3 - (-3 - -2).
4
-6 - ((-1 - (5 - 3)) + 3)
-6
What is -6 - (-2 + 4 - (-1 + 7))?
-2
Calculate -2 + (2 - 6) + 1 + 4.
-1
What is (-1 - -14) + -48 + 39?
4
What is (6 + -4 - 3) + 6?
5
Calculate -1 - (-6 + 3 + 1) - 4.
-3
Evaluate 2 - (-3 + -5 + 9 + 1).
0
Calculate 3 + -5 + (-1 - 2).
-5
(-24 - -25) + (-4 - 1 - 3)
-7
What is the value of -33 - -36 - (4 + -1)?
0
Evaluate 10 + -5 + 2 - 2.
5
What is the value of -6 + 5 + (5 - 8)?
-4
(1 - (0 + 3)) + (-6 - -9)
1
What is 1 + (-3 - 0) - -7?
5
Calculate -5 + 3 - (-2 - (1 + -4)).
-3
(0 - 3) + (5 - -1)
3
4 + (-5 - 2) + 2 + -3
-4
Evaluate (10 + -7 + -4 - -5) + 1.
5
What is the value of -8 + 0 + 0 + 18 + -14?
-4
Evaluate 0 + 1 + -10 + 4 - -4.
-1
What is (7 - 4) + (-4 - 1) + 0?
-2
What is (0 - 0) + 3 + (-8 - 3)?
-8
What is the value of -4 + (4 - (-2 + -1 + -2))?
5
What is the value of -2 - (3 - 3 - 2 - 5)?
5
What is the value of 9 + -6 - (-3 + 6 - -2)?
-2
-1 - -1 - (-37 + 42)
-5
Calculate (-5 - -13) + -12 + 3.
-1
What is (-5 - 6 - -6) + 6?
1
Calculate -153 + 148 - (-7 + 1).
1
Evaluate -12 + 15 - (1 + 2 + -6).
6
Calculate 9 + 8 + -17 + -1.
-1
What is the value of -5 - 3 - -19 - 4?
7
Evaluate (-24 - -18) + 7 + 0.
1
Evaluate 2 - -1 - (1 + 3).
-1
-2 - -4 - (1 + 0)
1
What is -6 - (0 + -4 - -4)?
-6
What is the value of -1 + -1 + (-8 - -4 - -9)?
3
What is the value of 4 - 5 - (-1 + 0 - -5)?
-5
What is -2 + 6 + 5 + -3 + -5?
1
What is 4 + -7 + 10 + (4 - 8)?
3
What is the value of (3 - 3 - 1) + 5 + -2?
2
What is 6 - (2 - -1 - (8 + -5))?
6
Evaluate 1 + 4 + -4 - 0.
1
0 + -12 - (-28 - -21)
-5
Calculate -1 + 4 + -2 + 1.
2
Calculate -7 + -2 + (10 - 2).
-1
Evaluate (1 - -5 - -7) + -7.
6
What is 0 + (-1 - (-11 - -4)) - 4?
2
-1 - (-5 - (0 - 0))
4
What is the value of -3 - (1 + 3 + -10) - -2?
5
-51 + 57 + (1 - 2)
5
What is the value of 15 + -17 + (0 - (-1 + -1))?
0
Calculate (1 - 1) + (11 - 8).
3
What is (2 - ((2 - 3) + 3)) + 1?
1
What is -2 + 1 - (2 + -4)?
1
What is 2 + (-12 + 9 - (0 - 5))?
4
What is (1 - (3 + 1)) + 31 + -30?
-2
-1 - -4 - (-2 + 2)
3
Calculate -1 + -2 + (0 - 0 - -1).
-2
-1 + (0 - -3 - (4 + 1))
-3
Calculate -2 - (-2 - (2 - -2 - 2)).
2
(-2 - -2) + (7 - (10 - 3))
0
0 - 6 - (7 + (2 - 9))
-6
-1 + -3 - (-1 - (5 - 6))
-4
-6 + 11 + (2 - -3) + -11
-1
What is the value of -8 - -5 - 0 - (2 + 0)?
-5
What is the value of 6 + -6 + 1 + 6 + -3?
4
What is -4 + (-1 - 3 - -5)?
-3
What is the value of (1 - -7) + 130 + -133?
5
Calculate 10 + -6 + -9 + 4.
-1
Calculate 4 - (-9 - (-3 + -18)).
-8
6 + 0 + -5 - 2
-1
Calculate -9 + 1 + (-5 - (-1 + -10)).
-2
Evaluate -7 + -9 + 22 + -6.
0
What is 7 - (-1 + 12) - 1?
-5
What is (-21 - -18) + (-1 - 0)?
-4
Evaluate 3 - (0 + 0) - 1.
2
Evaluate (-3 - (3 - (2 - -2))) + -3.
-5
-6 + (-1 + 2 - (-9 - -4))
0
Calculate (11 - 9) + -8 + 0.
-6
Calculate -2 + (-5 + 9 + -2 - -3).
3
Evaluate -4 - (-3 - 3) - -4.
6
Evaluate 0 + -5 + 10 + -7.
-2
2 - ((0 + -1 - 4) + 5)
2
What is the value of -3 + (-1 - (-1 - 4))?
1
Calculate 0 + (1 - -2) + 72 + -74.
1
(-2 - -2) + -2 + 6 + -8
-4
3 - 0 - ((1 - -4) + -6)
4
Calculate -10 + 6 + 6 + -15 + 4.
-9
Evaluate -6 - (1 - (-3 - -7)).
-3
7 + 9 + -24 + 7
-1
Calculate -6 + -6 + -6 + 1 + 8.
-9
(3 - -1) + 3 - (1 + 0)
6
3 + 0 + 2 - (20 + -19)
4
(0 - 2) + (12 - 5)
5
Evaluate -4 + (-1 - 1) - -6.
0
What is the value of -3 - (0 + (2 - 3)) - -4?
2
What is the value of (32 - 29) + (0 - (1 + 4))?
-2
What is the value of -1 + -2 - (3 + -4)?
-2
What is 8 + (2 - (6 + 0))?
4
What is the value of (-21 - -26) + 1 + -1?
5
Calculate -2 + -5 + -1 + (3 - -2).
-3
7 + (4 - (-12 - -24))
-1
What is 13 - (-5 + 10 - -6)?
2
Calculate (6 - (7 - 4)) + (-1 - 4).
-2
Evaluate -2 - -3 - (-7 - (-5 - -3)).
6
What is the value of -13 - -25 - (5 + 2)?
5
(2 - 2 - 4) + 3 + -3
-4
3 - (-2 - (3 - 2 - 1))
5
Evaluate -8 + 22 + 7 + -15.
6
What is 4 + 1 - (11 - 12)?
6
Evaluate 7 + -2 + -1 - (16 + -14).
2
What is -2 + (-9 - -2 - (-6 - -1))?
-4
Evaluate 11 + (-2 - (-7 + 11)).
5
-4 + 0 - (8 - 8)
-4
Evaluate -4 - -5 - (-2 + 1).
2
Evaluate -7 + 1 + 5 + -4.
-5
Evaluate (0 - 0) + -8 + (23 - 9).
6
What is the value of -3 + 1 + (8 - 7) - -5?
4
Evaluate 5 - (1 + (-6 - -3 - -2)).
5
(-2 - 3) + 4 + 6
5
Calculate -1 + 1 - (-26 - -23).
3
(4 + -1 - (-6 + 11)) + 5
3
Calculate 7 - (3 - (6 + (0 - 7))).
3
What is the value of -2 - ((1 - (6 - 3)) + 2)?
-2
-1 - (-7 - -1) - (67 + -68)
6
Evaluate 16 + -8 + -2 + -1.
5
Evaluate 3 + -1 + -1 + (-5 - -1).
-3
Evaluate 0 - (-4 + 0 + 6).
-2
Evaluate (2 - (-3 + 5 + -1)) + -3.
-2
-6 + 5 - (-3 - -7)
-5
What is the value of (-1 - (-3 + 4 + -2)) + 0?
0
4 - ((-3 - -3) + 5)
-1
Evaluate 2 - (10 + (7 - 24)).
9
What is the value of (-6 - (-17 + 10)) + -8?
-7
Calculate (-2 - (6 + -5)) + 4.
1
Calculate -12 + 1 - -8 - (-2 + 2).
-3
Evaluate 3 + (-1 - 0) + -1 + -5.
-4
Calculate 0 - (-6 + 2) - 1.
3
10 + 0 - (40 + -36)
6
What is (-5 - -2) + (4 - -3 - 4)?
0
What is the value of -6 + (0 - (10 + -15))?
-1
Calculate 0 + (5 + 1 + 0 - 6).
0
-2 + (-2 - 2) + (-43 - -45)
-4
Evaluate -5 - (-1 - 2) - -6 - 2.
2
What is the value of (8 - 9 - (-7 - -1)) + -3?
2
What is the value of -45 - -52 - (5 - 1)?
3
What is the value of 3 - -3 - (-28 - -39)?
-5
3 + -5 + (0 + 4 - 6)
-4
51 + -56 + (1 - 1)
-5
What is 3 + -7 + 1 + 5 + -6?
-4
(-12 - (-1 - 8)) + 6
3
Calculate 1 + (6 - -3) + -7.
3
Evaluate (-11 - (-3 + -6 - -4)) + 4.
-2
What is (0 - (4 + (1 - 6))) + -2?
-1
Calculate 2 - (3 - 1) - (9 + -5).
-4
Evaluate 2 - ((3 - 0) + -1 + -3).
3
-4 - (-1 - 0) - -6
3
What is the value of 0 - 0 - 0 - (5 + -4)?
-1
What is the value of -3 - -7 - ((1 - -5) + -9)?
7
Calculate -1 + 11 + 1 - 18.
-7
Calculate (1 - 3) + (12 - 13).
-3
-1 + (-3 - (-2 + -2))
0
Calculate 0 + -1 + 3 - 6.
-4
Calculate (4 - 1) + -2 - -1.
2
Evaluate (-2 - -3) + 1 + 0 + 0.
2
Calculate 3 + (-2 - -1) + 5 + -2.
5
Evaluate -1 + 7 - (7 + -3).
2
0 + (-4 - (5 + 0 + -14))
5
-3 - (10 + -7 + -1)
-5
Calculate -7 - (4 + 0 + -4).
-7
What is -6 + (10 - (-1 - -3))?
2
Evaluate 0 + (-2 - (-6 - 0)).
4
Calculate -2 + (2 - -3 - 2).
1
Calculate 13 - 8 - (11 + (-6 - -6)).
-6
Evaluate (4 - (-1 - -4 - 1)) + 0.
2
Calculate 6 - (0 + 2 + 0 + 1).
3
Evaluate -1 + 3 + (-5 - (7 - 14)).
4
What is the value of -14 + 4 + (5 - -1) + 9?
5
(2 - 6) + 2 + 0
-2
Evaluate 2 - (9 + -7 + 5 - 0).
-5
Evaluate 1 - (-1 + 1 + 3).
-2
-2 + 0 + 0 + 1 - 1
-2
Calculate -6 + 3 - (-13 + 3 + 3).
4
Evaluate (-23 - (-12 - (-9 - -2))) + 7.
-11
Evaluate (-8 - 0) + 47 + -40.
-1
-5 - (8 + -10 + 6 + 2)
-11
-3 + -1 - -2 - 0
-2
What is -3 - (2 - 4) - -3?
2
What is the value of -5 + 2 + 2 - -3?
2
Evaluate (-4 + 0 - (-11 + 4)) + -2.
1
-5 - (-1